ermine o(-3).
8
Let j(i) = i**2 - 17*i - 86. What is j(21)?
-2
Let i(n) = -n + 2. Determine i(-1).
3
Let c(b) = 43*b - 95. Give c(2).
-9
Let z(w) = -82*w**2 - 5*w - 6. Determine z(-1).
-83
Let x(n) = 5*n + 12. Determine x(-9).
-33
Let o(u) = -4*u**2 + 3*u. Determine o(2).
-10
Let w(q) = q**3 - 7*q**2 + 12*q - 86. What is w(7)?
-2
Let z(q) = -q**2 - 2*q + 16. What is z(-5)?
1
Let b(t) = 2*t - 3. What is b(5)?
7
Let h(k) = -2*k. Give h(3).
-6
Let t(b) = b**3 + 12*b**2 - 27*b + 9. Calculate t(-14).
-5
Let c(a) = a - 7. Give c(9).
2
Let a(r) = -r**2 + 3*r + 14. What is a(5)?
4
Let v(g) = -g**3 - 12*g**2 - 18*g + 12. Give v(-10).
-8
Let k(j) = -6*j + 32. Determine k(6).
-4
Let w(c) = -c**2 + 8*c + 2. Determine w(7).
9
Let n(k) = -k**3 - 13*k**2 - 29*k + 14. Calculate n(-10).
4
Let v(r) = r**2 - 2. Determine v(-3).
7
Let q(y) = y**3 + 3*y**2 - 5*y - 10. Determine q(-4).
-6
Let s(x) = 2*x + 1. Calculate s(2).
5
Let c(b) = 7*b + 13. Determine c(-10).
-57
Let m(t) = 2*t**3 + 10*t**2 + 17*t + 31. Give m(-4).
-5
Let u(f) = -5*f + 3. Calculate u(3).
-12
Let t(b) = 8*b + 72. What is t(-7)?
16
Let z(p) = -p**2 + 9*p + 31. Give z(14).
-39
Let d(p) = 4*p + 3. Determine d(-2).
-5
Let x(p) = 5*p**2 - 4*p - 4. Calculate x(4).
60
Let y(x) = x**3 - 4*x**2 - 20*x - 54. Determine y(-3).
-57
Let g(i) = i**3 + 4*i**2 + 2. Determine g(-4).
2
Let j(s) = -s**2 - 96*s - 445. Give j(-91).
10
Let f(s) = 5*s + 7. What is f(-9)?
-38
Let d(y) = -y**3 + y**2 + y. What is d(-2)?
10
Let v(f) = -f - 5. What is v(-6)?
1
Let v(l) = l**3 + 5*l**2 - 2*l - 10. Calculate v(-5).
0
Let n(r) = 4*r - 1. What is n(5)?
19
Let l(y) = -2*y**3 + 15*y**2 - 18*y - 6. Give l(6).
-6
Let z(n) = -2*n**2 + 7*n - 5. Give z(5).
-20
Let i(x) = -2*x**3 - 7*x**2 - 12*x - 9. Calculate i(-4).
55
Let g(q) = 19*q + 38. What is g(-4)?
-38
Let q(y) = -y**3 - 3*y**2 + y - 2. Give q(-2).
-8
Let u(w) = -w**3 - 6*w**2 - 7*w + 2. Determine u(-5).
12
Let o(k) = k**3 - 5*k**2 - 6*k + 2. Give o(-3).
-52
Let k(w) = 5*w + 4. What is k(-7)?
-31
Let r(v) = v**3 - 7*v**2 - 7*v - 6. Give r(8).
2
Let k(t) = 6*t - 20. Determine k(2).
-8
Let s(l) = -3*l**2 + 40*l + 133. Calculate s(16).
5
Let d(k) = -k**2 + 4*k + 674. What is d(28)?
2
Let k(q) = q**2 + 17*q - 1. Calculate k(-17).
-1
Let d(w) = 5*w**3 + 2*w**2 + w - 2. What is d(1)?
6
Let u(f) = 7*f + 5. What is u(-3)?
-16
Let b(w) = 43*w. Give b(-2).
-86
Let c(q) = -q**2 - 9*q + 98. Calculate c(-14).
28
Let r(a) = -10*a**2 + 2*a - 2. Calculate r(2).
-38
Let o(s) = -48*s - 100. Give o(-2).
-4
Let a(s) = -10*s**2 - 11*s - 5. Give a(-2).
-23
Let f(x) = 62*x - 21. Calculate f(2).
103
Let l(h) = -2*h + 16. What is l(5)?
6
Let j(d) = -d**2 + 2*d - 8. Calculate j(5).
-23
Let v(g) = -g - 6. What is v(-5)?
-1
Let z(p) = -2*p**2 + p. Give z(2).
-6
Let w(a) = -6*a + 166. Determine w(27).
4
Let m(q) = q**2 - 16*q - 4. Calculate m(17).
13
Let r(s) = -s**3 - 24*s**2 + 80*s - 6. Give r(-27).
21
Let n(z) = z**3 - 13*z**2 + 28*z + 1. Determine n(3).
-5
Let t(u) = 6*u**2 + 100*u - 20. Give t(-17).
14
Let f(s) = 3*s**2 + 12*s + 5. Calculate f(-4).
5
Let v(j) = 4*j + 12. Calculate v(10).
52
Let c(f) = 5*f + 26. Determine c(-6).
-4
Let i(j) = j**3 + 16*j**2 + 14*j + 14. Determine i(-15).
29
Let m(g) = -g**3 + 10*g**2 - 14*g + 13. Calculate m(7).
62
Let k(c) = -c + 6. Determine k(10).
-4
Let j(i) = -3*i. What is j(2)?
-6
Let w(n) = -5*n**3 + n**2 - 10*n + 10. Calculate w(1).
-4
Let p(h) = -h + 28. Give p(15).
13
Let h(c) = -2*c - 5. Give h(0).
-5
Let f(o) = -o**2 + 2*o + 4. Determine f(4).
-4
Let h(z) = -11*z - 144. What is h(0)?
-144
Let s(o) = -o**3 - 18*o**2 - 17*o - 14. Determine s(-17).
-14
Let f(i) = -i**3 - 4*i**2 - i - 3. What is f(-5)?
27
Let g(i) = -5*i**3 + 40*i**2 - i - 16. Determine g(8).
-24
Let d(b) = 2*b**2 - 43*b + 156. Calculate d(4).
16
Let m(u) = 4*u + 65. Give m(-20).
-15
Let f(y) = -2*y**2 + 6*y - 2. What is f(1)?
2
Let q(b) = 30*b**3 - 4*b**2 - b + 1. Determine q(-1).
-32
Let b(w) = -2*w**3 - 25*w**2 + 15*w + 40. Give b(-13).
14
Let q(m) = 3*m**2 - 5*m + 5. What is q(5)?
55
Let v(d) = 28*d + 661. Determine v(-24).
-11
Let s(u) = -2*u**2 - 2*u + 2. Determine s(-5).
-38
Let v(n) = 10*n + 6. Give v(-1).
-4
Let q(b) = -b**3 + 16*b**2 + 6*b - 95. Calculate q(16).
1
Let m(f) = -6*f + 52. Determine m(8).
4
Let b(a) = -a**2 + 3*a + 44. Calculate b(0).
44
Let s(o) = o**2 - 3*o - 11. What is s(0)?
-11
Let d(p) = -p**2 + 10*p - 16. Determine d(6).
8
Let k(i) = -i**3 - 13*i**2 - i + 26. What is k(-13)?
39
Let d(z) = -z**2 - 33*z - 36. Give d(0).
-36
Let y(n) = -5*n - 3. Calculate y(-3).
12
Let c(l) = -50*l + 4. Determine c(-2).
104
Let v(o) = o**2 - 2*o - 7. Give v(-6).
41
Let b(u) = -9*u + 312. Give b(34).
6
Let d(j) = 4*j - 29. What is d(5)?
-9
Let g(q) = -14*q + 7. Give g(0).
7
Let r(o) = -o + 10. Calculate r(2).
8
Let z(s) = -s**2 + 15*s - 24. Give z(14).
-10
Let j(b) = -2*b + 22. Calculate j(28).
-34
Let r(o) = -o**3 + 4*o**2 - 4. Give r(6).
-76
Let l(m) = -2*m - 51. What is l(-22)?
-7
Let b(r) = -2*r + 8. What is b(7)?
-6
Let w(s) = s**2 - 6*s - 8. Determine w(7).
-1
Let v(l) = 2*l - 27. What is v(11)?
-5
Let q(l) = -l**3 - 20*l**2 - l - 28. Give q(-20).
-8
Let p(g) = -g**3 + 5*g**2 + 6*g - 7. What is p(6)?
-7
Let v(d) = -13*d**2 + 8*d - 8. What is v(1)?
-13
Let j(b) = b**3 - 7*b**2 + 7*b - 10. Give j(7).
39
Let t(z) = z**3 - 8*z + 5. Calculate t(3).
8
Let x(f) = f**2 - 7*f - 2. Determine x(7).
-2
Let p(q) = 2*q**2 + q - 19. Calculate p(7).
86
Let w(y) = -y - 25. What is w(-11)?
-14
Let r(k) = 3*k**2 + 7*k + 19. Give r(-7).
117
Let v(p) = 4*p**2 - 11*p - 35. Determine v(-3).
34
Let l(z) = 2*z - 2. What is l(0)?
-2
Let g(m) = -2*m**2 + m. Give g(1).
-1
Let b(y) = 2*y**3 + 22*y**2 - 22*y + 23. Determine b(-12).
-1
Let u(q) = q**3 + 10*q**2 - 16*q + 3. Calculate u(-11).
58
Let c(y) = -y**3 - 15*y**2 - 36*y - 13. Give c(-12).
-13
Let c(j) = -j**3 - 3*j**2 + 15*j - 1. What is c(-6)?
17
Let s(r) = -r**3 - 51*r**2 - 143*r + 60. Determine s(-48).
12
Let p(o) = -o**2 - 21*o - 13. Determine p(-20).
7
Let n(p) = -20*p**2 + 4*p - 3. Calculate n(1).
-19
Let f(g) = -g**3 - 16*g**2 - 12*g + 11. Calculate f(-15).
-34
Let h(t) = -t**3 + 17*t**2 + 17*t + 7. Determine h(18).
-11
Let b(d) = d**3 - 2*d**2 - 13*d + 10. Determine b(5).
20
Let s(w) = -w**3 - 9*w**2 + 10*w + 12. Give s(-9).
-78
Let i(v) = -5*v - 2. Determine i(-6).
28
Let x(a) = -a**3 - 10*a**2 - 11*a - 6. What is x(-9)?
12
Let v(k) = -k**2 + k + 47. Give v(0).
47
Let o(d) = -d**3 + 7*d**2 - d - 4. What is o(7)?
-11
Let r(j) = -2*j + 14. Calculate r(10).
-6
Let m(s) = -s**2 - 10*s + 7. What is m(4)?
-49
Let o(i) = 45*i + 21. What is o(-3)?
-114
Let x(d) = 21*d - 27. Determine x(3).
36
Let f(z) = -z**2 + 19*z + 37. Determine f(22).
-29
Let z(y) = -7*y + 26. What is z(4)?
-2
Let b(n) = 4*n**2 - 4*n. Give b(3).
24
Let z(q) = q. Give z(9).
9
Let i(r) = -10*r - 17. Calculate i(-11).
93
Let a(f) = f**3 - 15*f**2 + 53*f. Determine a(6).
-6
Let l(y) = -y**2 + 5*y. Calculate l(4).
4
Let y(n) = -n**3 + 31*n**2 - 37*n + 23. Give y(30).
-187
Let m(k) = -2*k**2 + 20*k - 6. Determine m(10).
-6
Let i(y) = -y**2 - 2*y - 2. What is i(-9)?
-65
Let y(g) = -g**2 + 8*g + 27. Determine y(11).
-6
Let v(s) = -s**2 - 5*s + 1. Determine v(-5).
1
Let z(n) = -n**2 - 33*n - 179. Determine z(-26).
3
Let t(n) = -n**2 - 4*n + 4. Calculate t(-6).
-8
Let u(t) = 2*t**3 + 3*t**2 - 3*t + 17. Calculate u(-5).
-143
Let x(p) = 5*p - 11. Calculate x(4).
9
Let g(s) = 31*s - 118. What is g(4)?
6
Let o(u) = -8*u + 7. Give o(5).
-33
Let c(v) = 4*v**3 + v**2 + 2*v + 1. Calculate c(-1).
-4
Let k(w) = w**2 + 27*w - 90. Determine k(-33).
108
Let t(f) = f**2 - 15*f - 3. What is t(7)?
-59
Let d(o) = o**2 - 8*o - 25. Determine d(10).
-5
Let s(t) = 22*t + 114. Calculate s(-5).
4
Let o(l) = -30*l**3 - 3*l - 2. Calculate o(-1).
31
Let d(s) = 2*s**3 + 2*s**2 - s + 2. What is d(-2)?
-4
Let t(f) = -5*f**3 + 2*f**2 - f + 6. Calculate t(2).
-28
Let a(x) = 3*x - 16. Calculate a(-7).
-37
Let p(v) = -17*v + 10. Calculate p(1).
-7
Let s(g) = 2*g - 3. Give s(3).
3
Let k(c) = 3*c**2 - 15*c + 9. Give k(6).
27
Let a(s) = s**3 - 6*s**2 + 3*s - 2. Determine a(6).
16
Let d(a) = a**2 + 8*a - 67. What is d(-18)?
113
Let o(h) = -h**3 + 27*h**2 + 52*h + 145. Determine o(29).
-29
Let s(o) = -o**3 + 55*o**2 - 103